te?
False
Is 18966054418 composite?
True
Is 3082771561 a prime number?
False
Is 119110639139 a prime number?
True
Is 74787823157 composite?
True
Is 184498367 composite?
False
Is 13526239729 prime?
True
Is 42703825303 a prime number?
True
Is 302250083 a composite number?
False
Is 83908042067 composite?
False
Is 4441072697 composite?
True
Is 29028347069 prime?
True
Is 2793971087 a prime number?
False
Is 28907344859 prime?
True
Is 1069676129 prime?
True
Is 689192363 a prime number?
True
Is 7344520649 a composite number?
True
Is 6239021 composite?
True
Is 7576571546 composite?
True
Is 1329120959 a composite number?
False
Is 30230235751 a composite number?
False
Is 3823620161 prime?
False
Is 2463891527 a composite number?
True
Is 7042460963 a prime number?
True
Is 21881585641 a prime number?
True
Is 643412201 prime?
False
Is 3130164787 a composite number?
False
Is 1340971847 composite?
False
Is 3213836635 prime?
False
Is 19049150329 a prime number?
False
Is 756319079 a composite number?
True
Is 3016075133 a prime number?
True
Is 528392167 composite?
True
Is 237141631 composite?
False
Is 7914628957 composite?
False
Is 26924169053 a composite number?
True
Is 406324421 a prime number?
True
Is 23653333519 a composite number?
False
Is 4869337379 a prime number?
True
Is 22841944003 prime?
True
Is 6419713549 composite?
False
Is 79613333329 prime?
False
Is 116546531033 a composite number?
False
Is 227439097 a composite number?
False
Is 142070377327 prime?
True
Is 75952505483 composite?
False
Is 2031545287 composite?
False
Is 24281468027 a composite number?
False
Is 2230935689 prime?
False
Is 607530401 prime?
False
Is 8913722323 a prime number?
False
Is 10908250827 a composite number?
True
Is 7146934099 a prime number?
True
Is 2621684821 a prime number?
False
Is 57964483931 a composite number?
False
Is 14319381631 a composite number?
False
Is 38994760198 composite?
True
Is 1538568103 composite?
False
Is 7939868747 a composite number?
False
Is 4348358393 a composite number?
False
Is 7722238651 composite?
False
Is 78346357 composite?
False
Is 53517537481 composite?
True
Is 7484997649 prime?
True
Is 66619228811 prime?
False
Is 1432098307 composite?
True
Is 212204173 composite?
True
Is 19343972797 composite?
False
Is 161728694691 a prime number?
False
Is 4653457199 a prime number?
False
Is 6119319589 composite?
False
Is 217546744393 a prime number?
False
Is 886776223 composite?
True
Is 6793563331 composite?
True
Is 138420563 a prime number?
True
Is 56678563717 prime?
False
Is 1117714001 a composite number?
False
Is 100269364661 prime?
True
Is 1154891407 composite?
False
Is 6321357767 a composite number?
True
Is 106478386189 prime?
False
Is 3036150017 prime?
True
Is 16063914221 composite?
True
Is 32740135149 a prime number?
False
Is 94596241 composite?
False
Is 571727407 composite?
False
Is 21983478841 a composite number?
True
Is 27362145847 composite?
True
Is 465811231 a composite number?
False
Is 6479133663 prime?
False
Is 835920950069 composite?
False
Is 16722590867 a prime number?
True
Is 19598346542 a prime number?
False
Is 11976476623 a prime number?
True
Is 15222580309 composite?
False
Is 16024165111 prime?
False
Is 828748653 composite?
True
Is 9988808199 a composite number?
True
Is 134001857903 a composite number?
True
Is 22031303497 a prime number?
False
Is 5879991919 prime?
True
Is 9040628411 composite?
False
Is 1193180533 composite?
False
Is 2057640113 a prime number?
False
Is 13833173 a composite number?
True
Is 3317256977 a composite number?
False
Is 51550048219 prime?
True
Is 627413429 composite?
True
Is 56073685043 prime?
False
Is 65285349783 prime?
False
Is 2781191229 a prime number?
False
Is 102396923 prime?
True
Is 300907333 a composite number?
True
Is 880580191 a composite number?
True
Is 1614255697 composite?
False
Is 4290572057 a prime number?
True
Is 12572443 composite?
True
Is 1932703873 prime?
False
Is 4019931607 prime?
False
Is 8766135407 prime?
False
Is 1276249223 composite?
True
Is 1337613127 a prime number?
True
Is 832733179 composite?
False
Is 23731624841 a composite number?
False
Is 7734987671 a composite number?
False
Is 220702747 prime?
True
Is 11611869089 a composite number?
False
Is 32164480717 composite?
True
Is 11389357307 a composite number?
False
Is 803006921 a composite number?
False
Is 168707941 composite?
False
Is 400485309893 composite?
False
Is 128797997 prime?
False
Is 5616554183 a composite number?
False
Is 2838864857 composite?
True
Is 10245923785 a composite number?
True
Is 8279678569 a prime number?
True
Is 1599501091 a composite number?
False
Is 6821038193 a prime number?
True
Is 549851369 a composite number?
True
Is 71188052563 prime?
False
Is 1527055841 prime?
False
Is 25448040437 composite?
False
Is 288630686429 prime?
False
Is 12808373491 a composite number?
True
Is 1206668921 a prime number?
True
Is 961775597 a prime number?
True
Is 47167966633 a composite number?
True
Is 1059555461 a composite number?
True
Is 557416253 prime?
True
Is 34472621083 a composite number?
False
Is 318108611 a prime number?
True
Is 113504956343 composite?
False
Is 11286835519 prime?
True
Is 1051313387 a composite number?
False
Is 4284117373 composite?
True
Is 12110861359 prime?
False
Is 180988033267 prime?
True
Is 41465622373 prime?
False
Is 566888269 a composite number?
True
Is 186785869 a composite number?
False
Is 845331719 prime?
False
Is 9417178217 a prime number?
True
Is 848845801 a composite number?
True
Is 10860010517 prime?
True
Is 5071550137 composite?
False
Is 230448797 a composite number?
True
Is 3865409501 a prime number?
True
Is 125443261 prime?
False
Is 299748103 composite?
True
Is 2131293539 a prime number?
True
Is 4894773085 composite?
True
Is 28795817129 a composite number?
False
Is 4636590617 a prime number?
True
Is 224124034009 a prime number?
True
Is 416184707 composite?
False
Is 4384412861 prime?
True
Is 164317621 composite?
True
Is 110607143 a prime number?
False
Is 397781551 composite?
False
Is 689720179 a prime number?
True
Is 4144807913 prime?
True
Is 35127455807 prime?
True
Is 1006243057 a composite number?
False
Is 20684617535 a composite number?
True
Is 516152717 a prime number?
False
Is 4583441639 composite?
True
Is 1550541589 a prime number?
True
Is 1341210671 composite?
True
Is 3199938487 a composite number?
False
Is 196663591 composite?
True
Is 54951688259 a composite number?
True
Is 685439317 a prime number?
False
Is 691145531 prime?
False
Is 162873146 composite?
True
Is 349679247 a prime number?
False
Is 203966423 a prime number?
True
Is 2272485911 composite?
False
Is 12830154011 a prime number?
True
Is 295293667 a composite number?
True
Is 3932042561 a prime number?
True
Is 2034612439 prime?
False
Is 515903231 prime?
True
Is 20885443559 a composite number?
False
Is 89237258413 a composite number?
False
Is 2277989723 a composite number?
False
Is 6026270681 a composite number?
False
Is 91525016197 a composite number?
False
Is 24156270023 composite?
False
Is 10191711517 prime?
False
Is 508300729 composite?
True
Is 3180232699 a prime number?
False
Is 18090577229 a prime number?
True
Is 10537103177 a composite number?
False
Is 1652559803 a prime number?
False
Is 577282427 a composite number?
True
Is 3891876962 composite?
True
Is 11913890863 a prime number?
False
Is 1092998679 a composite number?
True
Is 4508324263 a prime number?
False
Is 1166130313 composite?
True
Is 1995320911 a composite number?
False
Is 1853121994 composite?
True
Is 15899476213 a composite number?
False
Is 354552371 composite?
True
Is 3850415857 composite?
False
Is 7730244097 prime?
False
Is 3880249807 composite?
True
Is 125977451 a composite number?
True
Is 36352243643 a composite number?
True
Is 682492411 a composite number?
False
Is 5244831457 a prime number?
True
Is 3765416563 composite?
True
Is 78509041 a prime number?
False
Is 154910261221 a prime number?
True
Is 47967341515 a composite number?
True
Is 1008591131 a composite number?
True
Is 1910991449 prime?
True
Is 545540717 a composite number?
True
Is 75615573167 a composite number?
False
Is 2351446073 a prime number?
False
Is 4816582207 a composite number?
True
Is 2591994137 composite?
True
Is 398985877 a prime number?
False
Is 27887149597 a prime number?
True
Is 5330